?
3380a0a
What is -112242 (base 13) in base 7?
-3303465
Convert -a22a (base 14) to base 9.
-42206
Convert -111020010022202 (base 3) to base 13.
-15c162b
13208c (base 13) to base 16
70aae
What is -233860 (base 11) in base 14?
-9931a
c0a33b (base 14) to base 4
120232200301
What is d362d (base 14) in base 8?
1741671
What is 7d96ea (base 15) in base 14?
b24943
What is -34014423 (base 5) in base 16?
-48c81
-10650 (base 14) to base 2
-1001101011101110
What is -110011111010011011000 (base 2) in base 14?
-323cda
What is -1000111001101110101100 (base 2) in base 7?
-25556351
-8ec33a (base 15) to base 12
-2351784
911a6 (base 14) to base 5
42130310
What is -231102012 (base 4) in base 13?
-66567
Convert 2822 (base 15) to base 16.
2186
What is 840c19 (base 13) in base 16?
2f192e
What is -253524 (base 8) in base 16?
-15754
-838a77 (base 13) to base 8
-13566477
What is 766750 (base 11) in base 14?
23c151
Convert -422403423 (base 5) to base 13.
-4995b6
-176405 (base 12) to base 15
-7eea8
What is -155004 (base 7) in base 9?
-45783
-92b0c (base 14) to base 11
-221573
Convert -35541144 (base 6) to base 13.
-301804
Convert 5d8787 (base 16) to base 4.
113120132013
Convert 511160 (base 10) to base 14.
d43d6
What is 2844744 (base 11) in base 3?
100012202110221
224553435 (base 6) to base 7
50201450
-279855 (base 12) to base 7
-5414663
What is 1721522 (base 9) in base 16?
ea254
What is -214133 (base 12) in base 4?
-2000102313
What is -312123022 (base 4) in base 8?
-663312
-1742810 (base 13) to base 3
-112012100222102
What is -3522414 (base 6) in base 4?
-230130022
What is 7dba (base 16) in base 10?
32186
243454215 (base 6) to base 11
26a1259
Convert -131103233 (base 4) to base 15.
-25882
Convert 7453640 (base 9) to base 8.
17164365
Convert a072ba (base 12) to base 9.
4631457
What is 37681 (base 12) in base 2?
10010011000000001
What is 20389a9 (base 12) in base 9?
12340223
1100120102101 (base 3) to base 15
e343a
What is -10231221120 (base 4) in base 14?
-2423b2
12ab76 (base 14) to base 16
9d504
What is 544263 (base 8) in base 13?
65079
Convert -1322024 (base 5) to base 6.
-322430
What is -20ccb1 (base 15) in base 13?
-42903a
1178780 (base 12) to base 10
3394896
122011111111 (base 3) to base 7
2605051
-2020939 (base 10) to base 12
-815637
4b55b67 (base 12) to base 9
30750017
Convert 223032200100 (base 4) to base 14.
170d840
What is 104aba (base 12) in base 11?
166373
What is 2b055 (base 14) in base 16?
1a253
Convert -26b48 (base 13) to base 14.
-1c46b
2655616 (base 8) to base 12
2ba8ba
What is 6b2541 (base 13) in base 7?
30436205
Convert -81084 (base 9) to base 8.
-150055
Convert -63bb (base 12) to base 4.
-2222333
What is 2a6ad (base 14) in base 8?
316201
What is 956a4 (base 12) in base 14?
51740
Convert 23212102121 (base 4) to base 15.
400cde
What is 230456456 (base 7) in base 11?
7a4891a
25536462 (base 7) to base 4
20320210203
Convert -12d6d4 (base 16) to base 9.
-2281546
What is -111112100022 (base 3) in base 6?
-5413012
71612a (base 12) to base 4
12300320302
What is -22222300 (base 4) in base 10?
-43696
What is 1182008 (base 9) in base 4?
2131111130
-337273 (base 9) to base 4
-301112301
2002436 (base 7) to base 2
111001101010101111
-1220313010 (base 4) to base 10
-429508
What is 2221441 (base 7) in base 15?
56407
7cd0d0 (base 16) to base 5
4043224140
-24102450 (base 6) to base 7
-6262545
Convert 12201340 (base 5) to base 3.
12212220120
Convert -11001101111100110110 (base 2) to base 11.
-526876
Convert 11b22b9 (base 14) to base 15.
b2c4d9
Convert -10111000110101000110 (base 2) to base 16.
-b8d46
1321134132 (base 5) to base 13
8b81c1
What is -223021001 (base 4) in base 11?
-110841
Convert 3214355 (base 6) to base 10.
157823
What is 1153525224 (base 6) in base 4?
302320233100
What is -425a6 (base 11) in base 5?
-3440242
What is -66434112 (base 7) in base 5?
-2431114023
Convert -110551004 (base 6) to base 12.
-808464
What is -11444141 (base 6) in base 14?
-96821
2553820 (base 9) to base 4
11110101321
Convert -82727 (base 11) to base 6.
-2330350
Convert 133002 (base 4) to base 16.
7c2
-102010122002102 (base 3) to base 2
-10110100100101010101110
What is 439649 (base 10) in base 6?
13231225
1bb69 (base 12) to base 15
c409
Convert -8cba0 (base 14) to base 8.
-1235030
What is -1420152 (base 7) in base 3?
-100122022100
Convert -112022011211 (base 3) to base 7.
-2251525
Convert 558f9 (base 16) to base 9.
583656
Convert 5515b (base 14) to base 10.
206077
Convert -5530543 (base 7) to base 10.
-679759
Convert 420020404 (base 5) to base 6.
100511240
Convert 320233003 (base 4) to base 6.
4551511
Convert -2156454 (base 7) to base 5.
-32011103
Convert 101684 (base 11) to base 2.
100111110110000000
What is -404310 (base 7) in base 2?
-10000110010010010
What is 406024 (base 9) in base 6?
5053504
-5025300 (base 6) to base 9
-401160
e46c0 (base 15) to base 12
2aaa30
22472437 (base 9) to base 10
10912759
What is -142651 (base 7) in base 14?
-9dd1
What is -14049a (base 12) in base 7?
-2553205
What is 3bd4a (base 14) in base 6?
3101222
227a06 (base 11) to base 16
585bd
-12311001 (base 5) to base 14
-3179b
-48614 (base 14) to base 10
-176810
What is 215b8 (base 15) in base 6?
2134215
Convert -20f95 (base 16) to base 11.
-92523
-143312112 (base 5) to base 6
-24143454
1101011100111001 (base 2) to base 14
16117
-1cc66 (base 15) to base 9
-152746
-b7ac6 (base 13) to base 5
-41101102
-2123127 (base 8) to base 12
-234073
-84b86b (base 14) to base 12
-1605347
What is -51953 (base 12) in base 15?
-2197c
122547 (base 9) to base 15
16e37
Convert -10110111101010110 (base 2) to base 14.
-263b0
-325f8c (base 16) to base 8
-14457614
-54a0b (base 12) to base 9
-180622
-137404 (base 8) to base 16
-bf04
What is -310121332 (base 4) in base 11?
-137300
What is -74571 (base 9) in base 5?
-3034222
What is 111123112302 (base 4) in base 12?
1a6a756
11202112221210 (base 3) to base 5
1121432301
What is -1233121113 (base 4) in base 10?
-456279
-3410107 (base 10) to base 14
-64aa71
1154355 (base 6) to base 16
f1df
Convert a96b16 (base 13) to base 9.
7443401
-132655 (base 8) to base 6
-555153
What is 102011145 (base 6) in base 11?
1002237
Convert -4bfe4 (base 16) to base 15.
-62363
76a34 (base 11) to base 3
12200020210
-12330002 (base 5) to base 4
-131130303
What is -133a11 (base 12) in base 5?
-40131202
1577172 (base 10) to base 11
987a53
-33d03 (base 14) to base 3
-20101212211
Convert -20530332 (base 6) to base 14.
-11994c
Convert -43424105 (base 6) to base 8.
-4737751
-187605 (base 10) to base 16
-2dcd5
10441255 (base 6) to base 9
532188
Convert -81380 (base 13) to base 12.
-b1a28
What is -745661 (base 8) in base 7?
-2054141
What is 10400c1 (base 13) in base 4?
102312112122
Convert -150618 (base 11) to base 8.
-712771
Convert 652255 (base 9) to base 13.
107c54
Convert -2023333132 (base 4) to base 11.
-361899
-1231101013 (base 4) to base 16
-6d447
5173a3 (base 13) to base 5
441313140
1542343 (base 6) to base 14
253a7
Convert -14949a7 (base 11) to base 15.
-356b5e
Convert -201303344 (base 5) to base 13.
-223269
-5aaac (base 13) to base 6
-3323155
What is 120202100210 (base 3) in base 2?
1001011101101001001
What is -2312230322 (base 4) in base 13?
-202811
Convert 6302663 (base 7) to base 14.
159dda
Convert 424041 (base 8) to base 16.
22821
Convert 10143532 (base 7) to base 12.
350757
Convert -5a48 (base 14) to base 5.
-1000434
312421020 (base 5) to base 11
805066
What is 11b68e (base 15) in base 5?
204123414
-a55b4 (base 14) to base 5
-100232033
Convert 4151646 (base 7) to base 4.
1322011233
3c8ba9 (base 13) to base 12
5b2335
What is -11695a (base 13) in base 3?
-210001202202
-36998 (base 11) to base 6
-1045505
-2111232 (base 6) to base 9
-165772
Convert 84263 (base 9) to base 5.
3234443
-2110012 (base 6) to base 10
-102392
What is 31313222200 (base 4) in base 15?
4bc467
-6604b (base 13) to base 3
-100101020110
Convert 274d9 (base 14) to base 11.
66986
c23541 (base 13) to base 16
44f8bf
What is -54501 (base 14) in base 4?
-301310011
What is -5903c7 (base 13) in base 8?
-10041210
What is -32098a (base 13) in base 6?
-41044512
What is 4dc66 (base 14) in base 13?
693a2
What is 1021541 (base 7) in base 5?
12414233
What is -23a36a (base 12) in base 13?
-172c1b
-2212020001121 (base 3) to base 13
-412b19
-431420 (base 5)